. Let i(w) = -w + 4. Give i(j).
-1
Let f(q) = -31*q**3 + q - 26*q**3 + 56*q**3 - 8 + 6*q**2. Determine f(6).
-2
Suppose 0 = y + 3*i + 5, 0 = -5*y - 4*i - i - 25. Let k(l) = 3*l - 5. Calculate k(y).
-20
Let x(h) be the third derivative of 0*h - 1/12*h**4 + 0 + 1/6*h**3 + 2*h**2. Suppose 5*p - p = -8. What is x(p)?
5
Let x = -36 - -30. Let i(n) = -2*n - 9. What is i(x)?
3
Let g(p) = -p + 2. Let u be (-3 + 2 + -1)*5. Let k be (-63)/(-15) + 2/u. Give g(k).
-2
Let y(n) = -n**3 - 4*n**2 - 5*n - 5. Let u be y(-2). Let p(g) = -g**3 - 4*g**2 + 4. Give p(u).
-5
Suppose -r = -8 + 2. Let c = -11 + r. Let q(y) = y**2 - y - 1. Let s(a) = -a**3 - 3*a**2 - 2*a + 3. Let p(g) = -2*q(g) + s(g). What is p(c)?
5
Let b(l) = -l**3 - l**2 - 1. Suppose -2*c - 2*c + 12 = 0. Suppose z + c = 6. Suppose v = -5 + z. Determine b(v).
3
Let u = 52 - 50. Let z(t) = -t**2 + 1. Determine z(u).
-3
Let x be 2*(-1)/(-2) + -2. Let l(y) = 4*y - 1 + 8*y - 11*y - 5*y. Determine l(x).
3
Let l(v) be the second derivative of v**4/12 - 2*v**3/3 + 3*v**2/2 - 23*v. What is l(4)?
3
Suppose -5*a - 7 = -4*n + 14, 2*a = 3*n - 14. Let v(f) = f - 4. Determine v(n).
0
Let f(n) = 2*n - 1. Suppose -16 = -4*y + 20. Suppose -d + 2 = y. Let q = 8 + d. Determine f(q).
1
Let p(q) = q + 11. Let z be p(0). Let v = 5 - z. Let o(i) = 3*i - 4*i - 2 - 3*i + 3*i. Calculate o(v).
4
Let f(m) = -m**2 - 9*m + 4. Let a be f(-9). Let t(r) = r**2 - 4*r + 3. Calculate t(a).
3
Let a(t) be the third derivative of t**5/60 - 5*t**4/24 + t**3/6 - 4*t**2. Give a(5).
1
Let m(t) be the third derivative of -t**5/60 + t**4/12 + 2*t**3/3 - 16*t**2. What is m(4)?
-4
Suppose 4*z = -5*w + 11, 5*z + 0*w = 5*w + 25. Let s be 255/35 - z/14. Let x = -11 + s. Let l(b) = -2*b - 5. What is l(x)?
3
Let s(c) = -76*c**2 - 3 + 6*c - 3*c + 75*c**2. Calculate s(2).
-1
Let x(t) = 2*t**3 - 1. Let o(h) = -2*h - 1. Let j be o(-2). Let m be 3 + -4 + 6/j. Let d be m/(-1 + (-2)/(-1)). Calculate x(d).
1
Let s(u) = -4*u**3 + 4*u**2 + u + 5*u + 3*u**3 + 2. Let p(y) = y + 16. Let b be p(-12). Let c be 43/9 + b/18. Give s(c).
7
Let h(m) be the third derivative of -m**6/120 + m**5/12 - m**4/6 + m**3/3 - 7*m**2. What is h(5)?
-18
Let b(f) = 5*f + 4. Let k(c) = 4*c + 4. Let u(v) = 5*b(v) - 6*k(v). Let p(y) = 6*y**2 - 1. Let n be p(1). Give u(n).
1
Let b(z) = z**3 + 5*z**2 - 8*z + 2. Let j be 3*(0 + -2)*1. Give b(j).
14
Let q(u) = -3*u - 4. Suppose 0 = -5*g - 5*h + 30, 5*g + 3 = 3*h + 25. Let m(f) = -f**2 + 6*f - 3. Let k be m(g). Let c be 0 - (k - 3/(-1)). Determine q(c).
11
Let f(q) = -q**3 - q**2 + q + 5. Let d = 14 + -14. Let h(p) = p**3 - p. Let b be h(d). Calculate f(b).
5
Let r(x) = -x**2 - x + 3. Let n(q) = q - 2. Let j be 1*(-3 - -2 - -3). Let c be n(j). Suppose c*k - k = 0. Determine r(k).
3
Let g = 15 - 12. Let v(h) = -g + 6 - 1 + 2*h + 2*h**2. Let l be (-1)/(-4) - 9/4. Calculate v(l).
6
Let y(j) = -j**2 + 7*j - 4. Suppose -3*u = -9, -2*x + 0*x + 1 = -3*u. Calculate y(x).
6
Let f(d) = -2*d - 4*d - d**2 + 1 + 5*d - d. What is f(-2)?
1
Let v(a) = -3*a - 2. Let z(j) = j - 4 + 13 + 15*j. Suppose 2*u - 10 = -4*p - 0*u, -3*u = -3. Let t(q) = p*z(q) + 11*v(q). What is t(-4)?
0
Let v(r) = r**3 + r - 1. Let z(c) = -3*c**3 + 6*c**2 - 8*c + 8. Let m(a) = -2*v(a) - z(a). Suppose -13 = 4*l - 5*l + 4*h, 2*h = -4. Give m(l).
-1
Let i(u) be the first derivative of u**4/12 - 2*u**3/3 + u**2 + 4*u - 5. Let j(g) be the first derivative of i(g). Let s be -1*(-4 + 0/2). Calculate j(s).
2
Let g(p) = -5*p**2 - p + 1. Suppose -4*u - 24 = -b + 7, 5*u + 2*b + 42 = 0. Let i be 5*-1*u/(-10). Let l be 2/i*(-2 - 0). What is g(l)?
-5
Let y(p) = 7*p + 2. Let i(h) = -h. Let l(m) = 6*i(m) + y(m). Calculate l(3).
5
Let h(y) be the third derivative of 5*y**4/24 - 2*y**2. Give h(-2).
-10
Let r(k) be the second derivative of 2*k**2 + 1/12*k**4 + 0 - k**3 - 10*k. Give r(6).
4
Let l(c) = -c**2 - 1 - 31*c + 41*c + 4. Calculate l(10).
3
Suppose 6*u = 2*u. Let k(i) = 3 - i**2 + i**3 + 2*i + u*i - 2*i**3. Let h be k(-2). Let c(m) = m**2 - 4*m. Give c(h).
-3
Let w(g) be the first derivative of 10 - g**2 - g**2 + 4*g**2 - 3. Give w(1).
4
Let f(u) be the second derivative of -u**3/6 - u**2/2 - 21*u. What is f(-2)?
1
Let g(t) be the second derivative of t**4/12 - t**3/3 - 2*t**2 - 2*t. Let b(j) = j**2 + 9*j + 17. Let w be b(-7). Calculate g(w).
-1
Let p(w) = -w. Let a(v) = -6*v + 3. Let n(x) = a(x) - 5*p(x). What is n(7)?
-4
Let k be 0/(4 - (12 - 5)). Let w(d) be the third derivative of 1/2*d**3 + k*d**5 + 0 + 2*d**2 - 1/120*d**6 + 0*d - 1/24*d**4. Give w(0).
3
Let d(y) = -54 + 2*y - 59 - 8*y**2 - y**3 + 117. Determine d(-8).
-12
Suppose -2*w + 3*w - 5*l = 11, 3*w = -3*l + 15. Let a(f) = -f + 7. What is a(w)?
1
Suppose -5*k + 73 - 58 = 0. Let t(g) = g**3 - 2*g**2 + g - 3. What is t(k)?
9
Let m = -4 + 7. Let o = m + -2. Let r(g) = g + 1. Give r(o).
2
Let t(j) be the second derivative of j**3/6 + 2*j. Let d = 35 + -40. Calculate t(d).
-5
Let y(g) = 1265*g**2 - 1266*g**2 + 4*g + 4*g - 4. What is y(5)?
11
Let l(n) = -11*n**2 - 2*n + 1. Let x(u) = u**3 + 2*u**2 - 2. Let a be x(1). What is l(a)?
-12
Let l(w) = -2*w**2 - w + 2. Let u(k) be the first derivative of 2*k**2 - 4*k + 4. Let n be u(-7). Let c be 8/(-28) - n/14. Calculate l(c).
-8
Let j(h) be the third derivative of h**6/120 + h**5/30 - h**4/8 + 2*h**3/3 - 5*h**2. What is j(-3)?
4
Let n(p) be the first derivative of -p**3/3 + 4*p**2 + 10*p + 2. Determine n(10).
-10
Let f(q) be the first derivative of -q**2/2 - 4*q - 1. Give f(-3).
-1
Let b(c) = c**2 - 2*c + 1. Let n be b(1). Let g(t) be the second derivative of -t**5/20 - t**3/6 + t**2 + 3*t. What is g(n)?
2
Suppose d = -d - 2. Let w(u) = -1 - 2*u**3 - 84*u + 0 + 82*u. Give w(d).
3
Let s(i) = 8*i + 88. Let j(y) = -2*y - 22. Let q(f) = -9*j(f) - 2*s(f). Let d be q(-9). Let o(b) = -3*b. Determine o(d).
-12
Let u(d) be the first derivative of -d**4/4 - 2*d**3/3 + d**2 - 29. Determine u(-2).
-4
Suppose -4*n - 9 = -1. Let c(l) = 1 + l - 4 - 3*l. Give c(n).
1
Let n(s) be the first derivative of s**3/3 + 11*s**2/2 - 9. Calculate n(-11).
0
Let h(p) = 2*p**3 - 9*p**2 - p**3 + 1 - 6 + 8*p. Give h(8).
-5
Let h(i) = -i**2 + 8*i - 4. Suppose 0 = 3*g + 3*q - 15, 4*q = -g - 2*g + 16. Suppose 37 = 2*b - 5*s, 0 = 5*b + 3*s - 19 + g. What is h(b)?
8
Let c(s) = s**2 - 5*s - 3. Let p be c(0). Let y(z) = -3 + 3*z**3 + z + 4*z**2 + 2*z - 2*z**3. Determine y(p).
-3
Let c(l) = -l + 290 - 577 + 285. What is c(-4)?
2
Let u(q) = q - 3. Let d be u(7). Let n(l) = d + 0 - 3 - 5*l. Suppose 0*r + 5 = 5*r. Give n(r).
-4
Let s(i) = -2*i + 9. Suppose -4*p - 1 - 3 = 0, -29 = t + 2*p. Let v = -21 - t. What is s(v)?
-3
Let t(y) = y**2 + 8*y + 3. Suppose -b + 12 = -8. Suppose 2*o = 2*x + b, -o = -4*x + 4*o - 44. Give t(x).
-9
Let q(a) = a**3 + 4*a**2 - 2*a - 3. Let l = 136 - 139. Determine q(l).
12
Let m(q) = q - 2. Suppose -20 = -2*r + 5*y + 6, -3*r = 5*y - 14. Determine m(r).
6
Let q(i) be the third derivative of -i**5/60 - i**4/24 - 7*i**3/6 - 4*i**2. Determine q(0).
-7
Let g(a) be the second derivative of a**6/72 + a**5/120 + 2*a**3/3 - 2*a. Let z(m) be the second derivative of g(m). Give z(1).
6
Let o(j) = -j**3 + 3*j**2 - j + 4. Let k be o(3). Let x(b) = -26*b. Calculate x(k).
-26
Let x = -2 - -2. Let z = -23 + 25. Let a(c) = -c**2 + 0*c - 5 + x + z*c. Determine a(4).
-13
Let n(k) be the first derivative of -k**4/4 - k**3/3 + 7*k**2/2 + 6*k - 13. Calculate n(-4).
26
Let j = 5 - 3. Let y = j + 1. Let p(l) = 0*l**2 - 3*l - 2*l**2 + l**3 - 2*l**3 - y. What is p(-2)?
3
Let s(d) = 6*d**2 + 3*d + 7. Let c(y) = -y**3 - y**2 + y - 1. Let q(r) = -c(r) - s(r). Give q(6).
6
Let z(t) be the second derivative of -1/20*t**5 + 3*t**2 + 7/6*t**3 - 1/4*t**4 + 0 - 5*t. What is z(-4)?
-6
Suppose -6*k + 64 = 10*k. Let v(t) = -t**2 + 4*t - 3. Determine v(k).
-3
Let p(r) be the second derivative of r**3/3 + 3*r**2/2 - 11*r. Give p(6).
15
Let f = 16 - 22. Let z(b) = 0*b + 8 + 0*b + 0*b + 3*b. What is z(f)?
-10
Let l(u) = 2*u - 2. Let w be l(1). Let o(a) = 2*a**2 - 3*a + 6. Let t(m) = -m**2 + m - 3. Let b = 2 + -4. Let h(q) = b*o(q) - 5*t(q). Calculate h(w).
3
Let f(d) = 2*d**3 - d**2 - 2*d - 1. Let n be 21 + -2 + -2 + 2. Let z = -17 + n. What is f(z)?
7
Let y be ((-18)/(-10))/(4/20). Let f = y - 9. Let k(v) = f*v + 0*v - 4 + 5*v - 4*v. Determine 